vided by 317.
316
What is the remainder when 943 is divided by 39?
7
Calculate the remainder when 29021 is divided by 631.
626
Calculate the remainder when 14969 is divided by 39.
32
Calculate the remainder when 124077 is divided by 62027.
23
What is the remainder when 170421 is divided by 85?
81
Calculate the remainder when 37301 is divided by 7458.
11
What is the remainder when 57652 is divided by 51?
22
What is the remainder when 41028 is divided by 287?
274
Calculate the remainder when 6681 is divided by 36.
21
Calculate the remainder when 217733 is divided by 34.
31
What is the remainder when 71917 is divided by 2565?
97
Calculate the remainder when 232397 is divided by 49.
39
What is the remainder when 16241 is divided by 180?
41
Calculate the remainder when 13068 is divided by 1049.
480
Calculate the remainder when 4156 is divided by 126.
124
What is the remainder when 7609830 is divided by 1529?
1526
What is the remainder when 2619096 is divided by 63?
60
What is the remainder when 94364 is divided by 221?
218
Calculate the remainder when 4975 is divided by 162.
115
Calculate the remainder when 7708 is divided by 345.
118
What is the remainder when 17312 is divided by 915?
842
What is the remainder when 22529 is divided by 112?
17
Calculate the remainder when 2019410 is divided by 27.
26
What is the remainder when 2719 is divided by 274?
253
Calculate the remainder when 13006 is divided by 1445.
1
What is the remainder when 67894 is divided by 138?
136
Calculate the remainder when 9593 is divided by 82.
81
Calculate the remainder when 1659 is divided by 417.
408
What is the remainder when 454 is divided by 441?
13
Calculate the remainder when 8683221 is divided by 66.
63
Calculate the remainder when 820795 is divided by 912.
907
What is the remainder when 116430 is divided by 38805?
15
Calculate the remainder when 2932 is divided by 685.
192
What is the remainder when 312593 is divided by 22?
17
What is the remainder when 20991 is divided by 111?
12
Calculate the remainder when 7489 is divided by 194.
117
What is the remainder when 9548 is divided by 4363?
822
Calculate the remainder when 1424 is divided by 131.
114
What is the remainder when 1666945 is divided by 185216?
1
Calculate the remainder when 99024 is divided by 425.
424
Calculate the remainder when 520 is divided by 19.
7
Calculate the remainder when 126818 is divided by 9.
8
What is the remainder when 4518 is divided by 1364?
426
What is the remainder when 21687 is divided by 49?
29
Calculate the remainder when 8578 is divided by 13.
11
What is the remainder when 7304637 is divided by 15?
12
Calculate the remainder when 2511 is divided by 346.
89
Calculate the remainder when 39187 is divided by 1083.
199
What is the remainder when 6535 is divided by 6494?
41
Calculate the remainder when 435649 is divided by 259.
11
Calculate the remainder when 6331 is divided by 12.
7
What is the remainder when 2748 is divided by 119?
11
What is the remainder when 1154 is divided by 154?
76
Calculate the remainder when 17133 is divided by 17115.
18
What is the remainder when 51143 is divided by 76?
71
What is the remainder when 5490 is divided by 1354?
74
What is the remainder when 2184 is divided by 41?
11
Calculate the remainder when 186022 is divided by 8.
6
What is the remainder when 200060 is divided by 2326?
24
What is the remainder when 7514 is divided by 8?
2
What is the remainder when 8388 is divided by 8376?
12
What is the remainder when 971 is divided by 285?
116
What is the remainder when 27684 is divided by 6918?
12
Calculate the remainder when 3979 is divided by 120.
19
Calculate the remainder when 1003 is divided by 24.
19
What is the remainder when 407 is divided by 211?
196
What is the remainder when 40736 is divided by 60?
56
What is the remainder when 6395 is divided by 375?
20
Calculate the remainder when 11338 is divided by 11316.
22
Calculate the remainder when 82008 is divided by 278.
276
Calculate the remainder when 18671 is divided by 2666.
9
What is the remainder when 14579 is divided by 877?
547
Calculate the remainder when 192159 is divided by 192157.
2
What is the remainder when 15339 is divided by 349?
332
Calculate the remainder when 1169 is divided by 500.
169
What is the remainder when 194917 is divided by 13?
8
Calculate the remainder when 105117 is divided by 73.
70
Calculate the remainder when 1677 is divided by 237.
18
What is the remainder when 3498 is divided by 34?
30
Calculate the remainder when 27291 is divided by 195.
186
What is the remainder when 6041 is divided by 2962?
117
What is the remainder when 6231 is divided by 8?
7
What is the remainder when 1831 is divided by 555?
166
Calculate the remainder when 2524089 is divided by 25.
14
Calculate the remainder when 8386 is divided by 18.
16
Calculate the remainder when 85009 is divided by 659.
657
Calculate the remainder when 750 is divided by 166.
86
Calculate the remainder when 92597 is divided by 10287.
14
What is the remainder when 182034 is divided by 19?
14
What is the remainder when 1596796 is divided by 14?
12
Calculate the remainder when 22280 is divided by 135.
5
Calculate the remainder when 2475 is divided by 457.
190
Calculate the remainder when 6464 is divided by 652.
596
Calculate the remainder when 629729 is divided by 209905.
14
What is the remainder when 53402 is divided by 27?
23
Calculate the remainder when 26768 is divided by 23.
19
Calculate the remainder when 118094 is divided by 937.
32
What is the remainder when 942 is divided by 86?
82
What is the remainder when 179422 is divided by 672?
670
Calculate the remainder when 1040 is divided by 209.
204
Calculate the remainder when 1268 is divided by 490.
288
What is the remainder when 26294 is divided by 1749?
59
Calculate the remainder when 14259 is divided by 230.
229
What is the remainder when 614615 is divided by 204864?
23
Calculate the remainder when 353112 is divided by 31.
22
Calculate the remainder when 27970 is divided by 1118.
20
Calculate the remainder when 10767057 is divided by 471.
468
Calculate the remainder when 30198 is divided by 4314.
0
What is the remainder when 14485 is divided by 161?
156
Calculate the remainder when 692 is divided by 59.
43
Calculate the remainder when 16972 is divided by 8436.
100
Calculate the remainder when 236503 is divided by 59125.
3
What is the remainder when 180806 is divided by 246?
242
What is the remainder when 1875 is divided by 124?
15
Calculate the remainder when 2827 is divided by 1356.
115
What is the remainder when 3303 is divided by 1497?
309
Calculate the remainder when 129470 is divided by 53.
44
What is the remainder when 222630 is divided by 87?
84
Calculate the remainder when 351952 is divided by 43.
40
What is the remainder when 6234 is divided by 17?
12
What is the remainder when 9004 is divided by 747?
40
What is the remainder when 6605 is divided by 1111?
1050
What is the remainder when 5132 is divided by 2559?
14
Calculate the remainder when 527 is divided by 49.
37
Calculate the remainder when 20295 is divided by 257.
249
What is the remainder when 5664 is divided by 378?
372
Calculate the remainder when 1088701 is divided by 8.
5
What is the remainder when 380349 is divided by 16?
13
Calculate the remainder when 205022 is divided by 47.
8
Calculate the remainder when 717846 is divided by 242.
74
What is the remainder when 1753 is divided by 584?
1
What is the remainder when 56256 is divided by 179?
50
What is the remainder when 432584 is divided by 53?
51
What is the remainder when 18158 is divided by 293?
285
Calculate the remainder when 114137 is divided by 153.
152
Calculate the remainder when 2586 is divided by 380.
306
What is the remainder when 36654 is divided by 164?
82
What is the remainder when 20364 is divided by 73?
70
Calculate the remainder when 5615 is divided by 142.
77
Calculate the remainder when 31007 is divided by 204.
203
What is the remainder when 114238 is divided by 30?
28
What is the remainder when 1253235 is divided by 371?
368
Calculate the remainder when 1691 is divided by 816.
59
What is the remainder when 1413 is divided by 284?
277
Calculate the remainder when 75459 is divided by 712.
699
Calculate the remainder when 3997 